{"id":2,"date":"2014-12-04T08:53:02","date_gmt":"2014-12-04T08:53:02","guid":{"rendered":"http:\/\/www.ceeiextremadura.com\/?page_id=2"},"modified":"2015-06-01T10:12:47","modified_gmt":"2015-06-01T10:12:47","slug":"pagina-ejemplo","status":"publish","type":"page","link":"https:\/\/www.ceeiextremadura.com\/?page_id=2","title":{"rendered":"CEEI EXTREMADURA"},"content":{"rendered":"<p>[et_pb_section][et_pb_row][et_pb_column type=\u00bb4_4&#8243;][et_pb_image admin_label=\u00bbImagen\u00bb src=\u00bbhttp:\/\/www.ceeiextremadura.com\/wp-content\/uploads\/2014\/12\/image_top_int.jpg\u00bb show_in_lightbox=\u00bboff\u00bb url_new_window=\u00bboff\u00bb animation=\u00bbleft\u00bb sticky=\u00bboff\u00bb \/][et_pb_text admin_label=\u00bbTexto\u00bb background_layout=\u00bblight\u00bb text_orientation=\u00bbleft\u00bb]<\/p>\n<h1 style=\"text-align: justify;\">CEEI EXTREMADURA<\/h1>\n<p style=\"text-align: justify;\">El CEEI Extremadura es una organizaci\u00f3n profesional que promueve, estimula y desarrolla innovaci\u00f3n en Pymes en todas las etapas de su ciclo de vida, a trav\u00e9s de un completo proceso de incubaci\u00f3n. Por tanto, las dos palabras que resumen a un centro de estas caracter\u00edsticas son <strong>incubaci\u00f3n<\/strong> e <strong>innovaci\u00f3n<\/strong>, y como consecuencia, sus dos elementos constitutivos son una infraestructura que permita el alojamiento de empresas de innovaci\u00f3n y una amplia gama de servicios especializados en este tipo de compa\u00f1\u00edas.<\/p>\n<p style=\"text-align: justify;\">Dependiendo de las caracter\u00edsticas del territorio y de las organizaciones que ya existan para el apoyo a la empresa en sus diferentes dimensiones, los CEEI deben <strong>centrarse en potenciar la creaci\u00f3n de empresas de innovaci\u00f3n<\/strong> y desarrollar la <strong>innovaci\u00f3n en las empresas existentes<\/strong>, con el objetivo \u00faltimo de contribuir al desarrollo econ\u00f3mico, la competitividad y el crecimiento de la regi\u00f3n.<\/p>\n<p style=\"text-align: justify;\">Los CEEI deben identificar y tener en cuenta los <strong>sectores con potencial innovador<\/strong> en su regi\u00f3n y su plan estrat\u00e9gico (o plan de negocio, si es de nueva creaci\u00f3n) debe centrarse en desarrollar esos sectores. Adem\u00e1s, si la regi\u00f3n en la que operan es activa en el campo de la I+D, una buena parte de las actividades del CEEI deben estar orientadas a la innovaci\u00f3n tecnol\u00f3gica, orient\u00e1ndose a spin off universitarias o de centros de investigaci\u00f3n.<\/p>\n<p style=\"text-align: justify;\">Un CEEI tambi\u00e9n puede trabajar con empresas no innovadoras siempre y cuando, \u00e9stas puedan llegar a serlo gracias a los servicios de asesoramiento, formaci\u00f3n, consultor\u00eda y diagn\u00f3sticos que les son prestados.<\/p>\n<p style=\"text-align: justify;\">Los CEEI trabajan en cooperaci\u00f3n con otras entidades que act\u00faan en el territorio, de la continua interacci\u00f3n surgen diversas actuaciones como: Fomentar el esp\u00edritu de empresa y de la innovaci\u00f3n. Detectar proyectos innovadores. Diagnosticar las necesidades reales de las Pymes en materia de innovaci\u00f3n. Actuar como un intermediario entre la oferta y la demanda de servicios a las Pymes. Promover y llevar a cabo proyectos de desarrollo local. Ofrecer experiencia en materia de programas europeos para las Pymes.<\/p>\n<p style=\"text-align: justify;\">Extremadura tiene unas caracter\u00edsticas geogr\u00e1ficas que exigen una atenci\u00f3n especial al mundo rural y un esfuerzo de coordinaci\u00f3n por llevar los servicios p\u00fablicos al conjunto de la poblaci\u00f3n, combinando el desarrollo econ\u00f3mico con la promoci\u00f3n integral del territorio.<\/p>\n<p style=\"text-align: justify;\">Esta realidad marca la necesidad de abordar un modelo descentralizado de promoci\u00f3n de la empresa y la innovaci\u00f3n que se base en una estructura en red, y que llegue a los diferentes territorios, tal como regula el convenio firmado entre las entidades responsables del desarrollo del CEEI Extremadura.<\/p>\n<p>[\/et_pb_text][\/et_pb_column][\/et_pb_row][\/et_pb_section]<\/p>\n","protected":false},"excerpt":{"rendered":"<p><div class=\"et_pb_section et_pb_section_0 et_section_regular\" >\n\t\t\t\t\n\t\t\t\t\n\t\t\t\t\n\t\t\t\t\n\t\t\t\t\n\t\t\t\t\n\t\t\t\t\n\t\t\t\t\n\t\t\t\t\n\t\t\t<\/div><div class=\"et_pb_row et_pb_row_0 et_pb_row_empty\">\n\t\t\t\t\n\t\t\t\t\n\t\t\t\t\n\t\t\t\t\n\t\t\t\t\n\t\t\t<\/div> CEEI EXTREMADURA El CEEI Extremadura es una organizaci\u00f3n profesional que promueve, estimula y desarrolla innovaci\u00f3n en Pymes en todas las etapas de su ciclo de vida, a trav\u00e9s de un completo proceso de incubaci\u00f3n. Por tanto, las dos palabras que resumen a un centro de estas caracter\u00edsticas son incubaci\u00f3n e innovaci\u00f3n, y como consecuencia, [&hellip;]<\/p>\n","protected":false},"author":4,"featured_media":0,"parent":0,"menu_order":0,"comment_status":"closed","ping_status":"open","template":"","meta":{"_et_pb_use_builder":"on","_et_pb_old_content":"","_et_gb_content_width":"","footnotes":""},"class_list":["post-2","page","type-page","status-publish","hentry"],"_links":{"self":[{"href":"https:\/\/www.ceeiextremadura.com\/index.php?rest_route=\/wp\/v2\/pages\/2","targetHints":{"allow":["GET"]}}],"collection":[{"href":"https:\/\/www.ceeiextremadura.com\/index.php?rest_route=\/wp\/v2\/pages"}],"about":[{"href":"https:\/\/www.ceeiextremadura.com\/index.php?rest_route=\/wp\/v2\/types\/page"}],"author":[{"embeddable":true,"href":"https:\/\/www.ceeiextremadura.com\/index.php?rest_route=\/wp\/v2\/users\/4"}],"replies":[{"embeddable":true,"href":"https:\/\/www.ceeiextremadura.com\/index.php?rest_route=%2Fwp%2Fv2%2Fcomments&post=2"}],"version-history":[{"count":8,"href":"https:\/\/www.ceeiextremadura.com\/index.php?rest_route=\/wp\/v2\/pages\/2\/revisions"}],"predecessor-version":[{"id":399,"href":"https:\/\/www.ceeiextremadura.com\/index.php?rest_route=\/wp\/v2\/pages\/2\/revisions\/399"}],"wp:attachment":[{"href":"https:\/\/www.ceeiextremadura.com\/index.php?rest_route=%2Fwp%2Fv2%2Fmedia&parent=2"}],"curies":[{"name":"wp","href":"https:\/\/api.w.org\/{rel}","templated":true}]}}